(-9 - 22 - 5) + -6 + 16 + -9 + 3
-32
What is the value of 0 + 18 + (10 - (19 + -4 + 15)) + 6?
4
Calculate -315 + 327 + (-1 - -102) - 41.
72
What is (8 - 7) + 1 - (-227 + 293)?
-64
What is the value of -10 - (8 - (12 - (-9 - -7 - -11)))?
-15
Evaluate 34 + -16 + -1 + 13 - -10.
40
Calculate -28 + -33 - ((-1 - -22) + 20 + -31).
-71
What is 81 + (-36 - (-20 + -14 + 9))?
70
655 + -665 - (15 - 1)
-24
What is (15 - 40 - -15 - -17) + 18?
25
What is the value of -3 + (-48 - -11 - (6 - 6))?
-40
Evaluate 15 - (-12 + 4 + 34 + -12) - -26.
27
What is the value of -1 + 0 - (-231 - (-105 + -143))?
-18
Evaluate 67 - 0 - (68 - 63) - 19.
43
What is the value of (-1 - (-17 - -9)) + 47 + -8 + 0 + 0?
46
-8 + (1 - -1) - ((-47 - -5) + 15)
21
What is the value of 38 + 28 + 27 + (11 + -11 - 17)?
76
What is 89 + -95 - -131 - 197?
-72
Evaluate 26 + -18 + (2 + 7 + (4 - 19) - 26).
-24
Calculate 4 + (0 + 3 - 2 - -9 - (-2049 + 2054)).
9
What is the value of (-13 - 2 - (-14 + 37 + -142)) + -17?
87
What is 9 + (37 - (0 - 2) - (-59 + -14 + 81))?
40
What is -68 - (21 - 114) - 54?
-29
Evaluate (-3 - 22) + 2 + (-5 - (12 + -22)).
-18
Calculate (22 - -1) + (-1 + 18 - 7 - -2) + -5.
30
Evaluate 1 - (-38 - 1) - (34 + (18 - (54 - -6))).
48
Evaluate 102 + (108 - 122) - 157.
-69
Evaluate (89 - (-116 - -199)) + -78.
-72
What is the value of -39 + 40 + (15 - 6) + 104 + -24?
90
-107 + 135 - (7 - -23)
-2
Evaluate 82 + (-66 - (-30 - 16)).
62
Evaluate (-1253 - -1300) + (2 - -25).
74
Calculate -2 + (-64 - 4) - (-10 - (-40 - -37)) - -2.
-61
What is (-92 - -51) + 123 + -5?
77
Evaluate 1 - 13 - (9 + 0 + 42 + (24 - 91)).
4
89 - (30 + -58 + 54)
63
What is the value of -1038 - -1055 - (52 - -1)?
-36
Calculate 30 - 30 - 29 - -17 - 19.
-31
(-23 + 38 - 25 - 6) + 26
10
Calculate -63 - (7 - 46 - -10).
-34
(39 + -17 - -11) + -51 + 29
11
Evaluate 6 - 3 - -26 - (-6 - 33 - -28).
40
-24 + 34 + -28 + 8 + -20 + -1 + 0
-31
Calculate (-104 - -215) + 26 + -144.
-7
(2 - (-2 - -15)) + (-2575 - -2497)
-89
Evaluate (-264 - -236) + (11 - -57).
40
What is the value of 38 + 44 + (-5 - -35) + -38?
74
Calculate -15 - (32 + (-69 - -89)).
-67
Calculate (23 + -22 - 14) + 9 + 40.
36
Calculate 36 + 5 + -56 + 48.
33
Evaluate 43 - ((-72 - -73) + -14 + 4).
52
(-98 - (-1 + -77)) + (10 - (-3 + (-1 - -3)))
-9
-116 - (75 - 28 - 116)
-47
Evaluate 14 + -1 + (0 + 11 - (87 + (-40 - -57))).
-80
What is the value of -24 - ((0 - 1) + 6 - (34 + 64))?
69
What is the value of -2123 - -2101 - (7 - (1 + 1)) - 9?
-36
What is 28 - (-20 - (-20 - 48))?
-20
Calculate -1285 + 1389 - (0 - -33 - 4).
75
Evaluate 1 - 2 - (14 + 0 + -12 - -4) - -52.
45
Evaluate -5 + 0 + 4 + 9 + -8 - 23.
-23
Calculate -27 + -7 + -16 + 61.
11
Calculate 26 + 12 - (-90 - -115).
13
Evaluate -78 - (74 + 17 + -94).
-75
Calculate 5 - (61 - (9 + -3 + 4 + (-57 - -43))).
-60
Calculate (4 - (6 + -8 + -4)) + 3 + 13 + -44.
-18
1 - (48 - 4 - 3) - (-548 + 547)
-39
What is the value of (37 - (63 - 19)) + (29 - 3)?
19
What is the value of 13 + -9 - -7 - (-55 + 6)?
60
-3 + (707 - 739 - (0 - -58))
-93
What is the value of -37 + -4 + 2 + (4 - 16) + -5?
-56
What is the value of (14 - (-35 - -55) - -33) + -41?
-14
Calculate 26 + -9 + 60 + -89.
-12
-4 + (13 - (-27 - -4))
32
Evaluate ((1 - -93) + -2 - (135 + -118)) + -4.
71
Calculate (74 - -2) + 16 + -15 + -17 + 8 + 11.
79
What is the value of (-22 + -49 - -31) + 33?
-7
-36 - (-125 - 17 - 4) - 33
77
What is the value of -141 + (321 - (193 - 149))?
136
Calculate 12 + 11 - (8 + 13 + -10) - -74.
86
59 - (64 - 41) - 50
-14
What is 1 + 3 + (-10 - -11) + (-99 - -61)?
-33
72 + -71 + -14 - (-20 - 1)
8
What is -13 + -6 - (16 - (-3 + 32)) - (-4 + 15)?
-17
What is the value of 3 + -203 + 113 + -24?
-111
Evaluate (-108 - -92) + -128 + 85.
-59
Calculate (-7 - 75) + (-791 - -941).
68
Evaluate 26 + -3 + 5 + 25 - -11.
64
What is -84 - (-133 + -35) - (-2 - 2)?
88
Evaluate -43 + -7 + (-9 - (3 + 7 + -25)).
-44
Calculate 204 - 209 - (-39 - -5).
29
Evaluate 2 + (-1 - -3 - -8) + 543 + -583.
-28
What is the value of 7683 + -7611 - (3 + -2 + 2 + 5)?
64
Evaluate 11 + (-36 - (-39 + 37) - (0 - -2)).
-25
Evaluate (6 + 8 - (14 + 2 + 12)) + 77.
63
Calculate (131 - 85) + -9 + 0.
37
Calculate 3 + (-48 + -3 - -3) + -88 + 86 + -9.
-56
(6 - 48) + (56 - 66 - (-3 - 12))
-37
2 + (0 - -26) + (35 - 46) + -13
4
Calculate 0 + (4 + -5 - -10) + 2 + -78 + 137.
70
Calculate -5 - (0 + 3 + -3 + -71) - (-7 - 1).
74
(-1 - 31) + 53 + -28 + -23
-30
What is 1 + -29 + (-13 - -56) + -87?
-72
(59 - 38) + 7 + -143 - 2
-117
What is the value of 7 + -19 + (6 - -3) + 7 + (3 - 35)?
-28
What is the value of -3 - -68 - (-13 - -5 - 1)?
74
What is the value of 3 + (9 - -4 - 11) - -8 - 16?
-3
Evaluate 9 - 1 - ((70 - (-75 + 150)) + (46 - -3)).
-36
What is the value of (14 - 0) + 553 + -583?
-16
What is the value of -55 - -47 - (0 - -6) - (7 - 3)?
-18
4 + (-25 - (-10 + (-14 - -12) + 4 + 14))
-27
66 + -54 - 34 - (1 - 11)
-12
What is the value of -17 - (63 - 62) - -26?
8
Evaluate 58 + -1 - (-1912 - -1996).
-27
What is the value of 25 + (-9 - ((-49 - -10) + 18 + 3))?
34
Calculate 2 + -2 + -10 + (-10 - (59 - 25)).
-54
55 + (15 - (-67 - -37)) + -11
89
(-8 - 2) + (-9 - (-15 + 13 + 70))
-87
Calculate (60 - 52) + 6 + (-3 - 0) + (84 - -10).
105
What is 1 + (2 - -37) + 15 + (-41 - -10) + 10?
34
What is the value of 23 - (-23 + -2 - (145 + -235))?
-42
Calculate -7 - -3 - (-4 + 2 - (7 + -15 + -18)).
-28
What is the value of 12 + -2 + -22 + (-4 - (22 + 0))?
-38
(-3 - (1 + -17)) + (-484 - -448)
-23
What is the value of (13 - (-63 - -34)) + -74?
-32
What is 0 + 13 + -40 + 36 + -11 - -9 - -6?
13
Calculate 283 + 102 + -394 + (-1 - (8 - 1)).
-17
Evaluate 6 + -41 + 36 - (4 - -1) - -11.
7
What is 73 - (11 + -4) - (15 + 3 - 29)?
77
What is -233 + 4 + 1708 + -1586?
-107
Evaluate 1 + 3 + -2 + -282 + 379 + -239.
-140
What is (-980 - -924) + (-1 - -160)?
103
Evaluate 47 - ((-22 - -9) + -2 + -6 + -3 + 18).
53
182 + -204 + (4 - 0) + 16 + -51 + 0
-53
What is 27 - (14 + -18 + 26 - -1)?
4
Calculate 43 + 18 + 3 + (26 - 48).
42
What is the value of (13 - 6 - 1) + -11 + 8 + -11?
-8
Evaluate (18 - (-32 + 69)) + 46.
27
Evaluate (-65 - -1) + (62 - (101 + -59)).
-44
73 - (-19 + 60) - -19
51
What is the value of -23 + -1 + 2 + (2 - 55) + (-220 - -271)?
-24
Evaluate 37 + (-43 - 4) - (8 + 34).
-52
What is -19 - (-7 + -4 + 15 - 21)?
-2
10 - (16 + -7) - (24 + -29) - 17
-11
Calculate (-12 - -33 - 24 - -6) + -17.
-14
What is the value of -4 + -1 + (-22 - -12) + 11 - (-27 - -2)?
21
What is -7 + -2 + (23 - (44 - 41)) - (-7 + 110)?
-92
187 - 56 - (15 - -62)
54
What is -2 - ((-14 + 0 - -13) + 14)?
-15
(-1 - 9 - (-7 + 21 - 15)) + 128 + -70
49
What is the value of -20 + (-7 - (-1 + 5 + -15)) + (6 - 1)?
-11
What is (110 - 188) + (-1 - -6 - (-9 - 2))?
-62
Calculate -20 + (-15 - -18 - -2) - -58.
43
What is 7 + (137 + -112 + -2 + -117 - (-2 + -13))?
-72
What is (-1 - -27) + -1622 + 1587 - 82?
-91
Evaluate (-44 + 16 - -54) + -61 - (1 + (-11 - 1)).
-24
What is the value of -73 + (-112 + 79 - (-23 + 2) - (0 - 9))?
-76
Calculate 8 + 1 - -12 - 1.
20
What is the value of (-451 - -478 - (-2 - -25)) + 11 - (0 + 18)?
-3
Evaluate (-87 - -47) + 61 - 56.
-35
Evaluate -3 + 4 + -4 - -2 - (121 - 91).
-31
What is the value of -3 + 19 + -18 + (15 - (6 - 0))?
7
Calculate 150 - (143 + (-163 - -140)).
30
10 + (-28 - -17) - 11
-12
(-4 - -37) + 41 - 128
-54
What is (26 - (-86 + 95)) + -72?
-55
What is -54 + (22 + (-20 - 0) - 4)?
-56
What is (-105 - -120) + 5 - -77?
97
What is (0 - 24) + (38 - -29)?
43
Evaluate (-407 - -456) + (-49 - -2).
2
What is -1051 + 1033 + (1 - -82)?
65
Evaluate (-38 - (32 - 4)) + 90.
24
What is 17 - (-46 - 23) - (2 + 12)?
72
Calculate -1865 + 1911 + (-62 - 0).
-16
What is -55 - -12 - (13 - (10 + 7))?
-39
What is the value of 85 + (-53 - (-24 - -10)) + 17?
63
Calculate -77 + (2 - 3) - (-131 - (-182 - -34)).
-95
Evaluate 2 + 11 - (-26 + 2 + (-68 - -97)).
8
What is the value of (-10 - 2) + (-39 - (42 - 25 - -2))?
-70
Evaluate -73 + 135 + (-27 - -3) + -16.
22
Evaluate (-759 - -685) + (50 - 35) + (2 - -1).
-56
-34 + -4 - -3 - -10 - -73
48
47 - (-83 + 68) - (2 - 0 - 0 - 2)
62
Evaluate 26 + (-39 - -30) + -36.
-19
Evaluate (-27 - -39) + 137 + -111 + (3 - 1).
40
What is the value of -2 + 24 - 18 - ((-10 - 3) + 4)?
13
Evaluate 22 + (-41 - -53) + -27.
7
Evaluate -35 - (-137 -